-54
39
Evaluate 8 + -2 - 13 - (269 - 289).
13
3 + -2 + -14 + -16 + 31 - 5
-3
What is the value of -2 + -13 + 1 + 60 + (-27 - -84) + -15?
88
What is the value of (-44 - (-70 - 13)) + 27?
66
Calculate 2 + -25 - (976 - 946).
-53
Evaluate (-169 - -35) + 27 - (17 - 19).
-105
What is (140 + -62 - (-2 - -13)) + 41?
108
Evaluate -5 + -7 + (-19 - -20) + -19.
-30
Evaluate 18 - 9 - -18 - 67.
-40
Calculate 22 - (26 + (-21 - -3) - -36).
-22
What is the value of (-12 - (67 - 66)) + -28?
-41
410 + -467 - (-2 + (2 - 1) + 17 + -16)
-57
(-3 - -12) + 1 - (-57 + 0 + 7 + -4)
64
(26 - -1) + -35 + 11 + 32
35
Evaluate (-19 + 3 - -17 - 44) + 2 + 3.
-38
What is (28 - 57 - -62) + -2?
31
(199 - 137) + -106 + -13
-57
Calculate -8 - (2 + 15 - 2 - (2 - (47 - 37))).
-31
Calculate 49 - 131 - -215 - 97.
36
What is the value of 467 - 470 - (61 + 3)?
-67
What is the value of 9 + -26 + (122 - 90)?
15
-34 - (2 - (-61 + 33))
-64
What is -111 - (18 + 15 + -55)?
-89
Evaluate (-10 - 87 - -134) + -15.
22
Evaluate -62 - -139 - 50 - -57.
84
Evaluate 11 - (-8 - -1 - 48) - ((-2 - 2) + 3).
67
Evaluate 97 - ((0 + -7 - 12) + -2 - -25).
93
What is (35 - (102 + -50)) + 22?
5
Evaluate 30 - -12 - (1 + 4 + -9 + 17).
29
Calculate -10 - ((-61 - 1) + -1 + -5 + 1 + -5).
62
-963 - -939 - (-35 + 1) - (3 + -71)
78
What is (1 - 30) + (1010 - 940)?
41
32 + 11 - (-1 + (17 - 1 - (-19 + 24)))
33
Evaluate (-185 - -189) + (8 + -10 - -7 - (-56 - 1)).
66
What is -13 - (1 + -6 - (23 - 24)) - -52?
43
What is -6 + -12 + (45 - 27 - 10)?
-10
Calculate -27 + (16 - 36) - -44.
-3
Evaluate (-31 - (-7 + -52 + 8)) + -19.
1
Evaluate -1 - (-91 + (14 + (-19 + 9 - -2) - 16)).
100
Calculate 53 - (228 - 120) - 0.
-55
What is 50 + 23 + -63 - (59 + -8 - 4)?
-37
Evaluate 46 + (26 - 96) - (-13 - (1 - -3)).
-7
What is the value of 26 - (4 + (0 - 0) + (-41 - (-28 - 11)))?
24
(30 + (-3 - 4) - 31) + 56
48
Calculate 3 + (-1 - (-4 - 0)) - (2765 - 2779).
20
What is the value of 7 + -25 + 2 - (240 - 194)?
-62
What is -18 - (22 + 21 + -25)?
-36
-19 + (-5 - (42 + -54))
-12
Evaluate (-2 - -26 - (227 + -212) - 9) + -52.
-52
Calculate -8 + (10 - (-3 - -7)) + 3 + 45.
46
Calculate (6 + 2 - (23 - (-1 - (-11 + 4)))) + 23.
14
What is the value of -17 - (15 + -45 + 73)?
-60
What is 32 + -4 - 1 - 13 - (67 - 81)?
28
Evaluate (47 - -41) + (-15 - 3) + -19.
51
Evaluate 16 + 24 - (-13 - -16 - -9) - 4.
24
What is the value of (-77 - (-5 + -63)) + -1?
-10
What is the value of -17 + (24 - 4) + -26 - 43?
-66
What is the value of (-14 - -22) + (-20 - -5 - -17) + -4 + 0?
6
266 + -263 + (35 - 114)
-76
What is -30 + (43 - (6 - -30))?
-23
Evaluate -1 + -44 + (-1 - -5 - 4) + 4 + 3.
-38
Evaluate (30 - (31 - -11)) + -147 + (-9 - -6) - -13.
-149
What is the value of (-35 - -32) + 68 - 140?
-75
Calculate 7 + (-21 + 1 - -46) + -82.
-49
Evaluate 65 + 1 + (27 - (-34 + 72)).
55
Evaluate -4 + (21 - 36) + -12 + (-2 - -6).
-27
What is the value of (-1 + -27 - -31) + 16 + -17?
2
Calculate (-18 - -11) + 8 + 0 + (3 - 62) + -3.
-61
What is the value of -194 - (-11 + -96) - (-21 - 0)?
-66
Evaluate 106 - 0 - (-19 + (31 - (46 + -41))).
99
What is the value of (130 - 129) + (-13 - (8 + (-2 - 1)))?
-17
Evaluate 5 + -3 + (-75 + 60 - (-9 - -2 - 76)).
70
What is the value of -38 + -15 + -92 + 47?
-98
What is the value of (6 - 16) + (28 - (-29 - -85)) - (9 - -1)?
-48
2 + (-12 + (-7 - -14) + 17 - 1)
13
Evaluate 85 - (-61 - 0) - 66.
80
Evaluate -21 - (13 + -3 + 15 + -14 + -15).
-17
Evaluate 0 - -132 - ((28 - -12 - -33) + -64).
123
Calculate (-4 - -14) + -10 + 13 + -20 + -69.
-76
Calculate (57 - -15) + (-27 - 0).
45
What is 10 + 2 + 41 + 28?
81
What is the value of -16 - ((-18 - (-27 + (6 - -7))) + -7)?
-5
Calculate -73 + 61 + (50 - 152).
-114
Calculate -6 + 44 + -61 + (1 - -10) - 23.
-35
What is the value of -5 - -6 - -17 - (-42 + -17 + 3)?
74
Evaluate -8 + 68 - (38 + 37 + -49).
34
What is the value of 138 - (-33 + 78 - -50)?
43
Calculate (3 - (-2 + 7)) + (-1 - (6 + -3)).
-6
What is (0 + -28 - -60) + 30 + -26?
36
Evaluate (8 - -33) + -84 + 66.
23
-7 - (-13 - (-13 + 14)) - -25
32
What is 150 + -22 + -22 - 1 - 9?
96
What is (339 - 292) + (-1 - 15 - -2) + -2?
31
What is -13 + 11 - (18 + 37)?
-57
What is -22 - (0 - -4) - (31 + -31 + 1 + 2)?
-29
Calculate (-29 - 5) + -10 + 27 + -48.
-65
What is the value of -1 + -108 + (1931 - 1905)?
-83
What is 0 + -4 + (365 + -456 - (2 + -24))?
-73
-1 + -27 + -5 + 11 - -15
-7
Evaluate 1 + (46 + 46 + -75 - (2 - -12)).
4
Evaluate -118 + -5 + 89 + (-6 + 3 - 12).
-49
What is -22 - (-72 - (-50 - -3)) - (-72 - 0)?
75
-26 + -10 + 17 - -52
33
What is (2 - 0 - (-35 - 24 - (-14 - -15))) + -2?
60
What is the value of 4 - 1 - (-61 - -72) - (-11 - (51 - 1))?
53
Evaluate 14 + 1 + -2 + 3 + -67 - 1.
-52
(3 + -3 - 2) + (23 - (8 + 10) - 41)
-38
Calculate 9 + -34 - ((-589 - -584) + (9 + -2 - -2)).
-29
Evaluate -1 + 63 - (-27 - -37) - (17 + -36 - -16).
55
What is 2 - (-37 + -16 - -27) - 54?
-26
What is the value of -17 + 14 + 6 + 36?
39
What is the value of (2983 - 2966) + 0 + 4 + (56 - -2)?
79
What is 15 - ((35 - (15 - (-14 - -39))) + -4)?
-26
What is the value of 4 - (-29 - -42) - 27?
-36
Calculate 33 - 1 - (-4 - (2 + -12) - -2).
24
Evaluate 94 + 112 + -225 + -28.
-47
Evaluate -114 + (9 + 0 - (-86 + (85 - -2))).
-106
What is -2 + 7 + 214 + -323?
-104
What is (-26 - -26) + -19 - (-58 - 4)?
43
What is the value of -39 - (-8 - 65) - -5?
39
(-10 - 12) + (1 - 29) + 79
29
What is the value of -2 - (-15 + 9) - (-13 + -10 - 1)?
28
What is the value of -4 + -59 + 15 + (14 - 3) - -10?
-27
Calculate -122 + 0 + -22 + (39 + 38 - 61).
-128
Evaluate -105 + -2 + (-73 + 225 - 169).
-124
Calculate (24 - 25 - -31 - (0 - 14)) + (1 - 0).
45
(37 - (-48 - -40)) + -8
37
What is -19 - -2 - (-16 + (37 - (30 + 75)))?
67
Calculate 1 - 9 - (168 + -142 + -42 + -3).
11
4 + (-93 - -65) - 14
-38
(1 + -3 - 21) + (93 + -33 - 65)
-28
(15 - 22 - -5) + ((15 - 8) + 2 - 9)
-2
What is the value of 9 - (-7 - -11) - 2 - (3 + 6)?
-6
What is 4 - (-38 + -29 + 24)?
47
Evaluate -7 + 10 + -37 + 79 - 46.
-1
-1 - 9 - (30 + (-22 - (22 - 24)))
-20
111 + 0 - (-102 + (-11 - -44) + 54)
126
What is -12 - (2 + 0) - (618 + -680)?
48
0 + -1 + (-7 - -20) + -14 + 2 + 32
32
What is -1 + (20 - 50 - -68)?
37
What is -4 + (4 - 21 - 10) - -16?
-15
1 + -56 + 18 + 17
-20
(1 - -11) + (-61 + -17 - -28 - 7)
-45
What is (1 + 32 - (76 + (42 - 98))) + (-7 - -2)?
8
Evaluate -32 - (-10 + 9 - (24 + -10 + -26)).
-43
What is -2 + -2 + (-2 + 1 + 22 - (-396 - -378))?
35
Calculate 12 + 1 - 2 - 3 - ((-3 - 40) + -8).
59
What is 4 - (-15 + (-16 - -52) + -3)?
-14
What is the value of -2 + 1 - ((41 - -30) + -33)?
-39
Calculate -110 - ((373 - 408) + (36 - 0)).
-111
What is 37 - (-19 - -32) - 10 - -7?
21
What is (20 - (-7 - (23 - 5))) + -8?
37
Evaluate (-28 + 8 - -56) + -14 + 30 + -10.
42
What is -72 + -1 + 18 + 11 - 16?
-60
What is the value of -1 + -15 + (93 - (57 + 24))?
-4
Evaluate -89 + -80 - -187 - (10 + 0 + -1).
9
Calculate 19 + 115 + (-2 - -1) + (-31 + 4 - -16).
122
Calculate -50 - 50 - -12 - -116.
28
What is the value of -65 - (38 - 61) - -46?
4
Calculate 1 - (-28 + 17 + -32).
44
What is the value of (-35 - (24 - 21 - -7)) + 11?
-34
What is -1 - (-40 + -1 + 2 - (-1806 + 1800))?
32
-1 + (-14 - -19) + -6 - (9 - -4)
-15
What is (-9 - (-8 - -13)) + (15 - (-2 - -123)) + 19?
-101
What is 7 - -71 - (21 + 19)?
38
Evaluate 46 + -11 + 5 - (3 + 7 + -6).
36
What is the value of (-36 - 18 - -21) + 13?
-20
What is 35 - 0 - (30 + (9 + -36 - 8))?
40
What is (-15 - (5 - (6 - 2))) + (-49 - -54)?
-11
Evaluate -10 + 9 + (-89 - -119).
29
Calculate (55 - -1) + -2 - (-49 + -4 + 31 + 15).
61
Evaluate -1 + 9 + -19 + 9 + -11 - 47.
-60
-13 - -2 - (14 + -68) - (5 - -9)
29
Evaluate 9 - (-35 + -1 - ((-33 - -6) + 5 + 17)).
40
Calculate (11 - 2) + 0 + 1 + 2 - (-6 + 66).
-48
Calculate 159 + (-4 - -11 - (-106 + 146)).
126
What is the value of (1 - 3) + (1 - -2) - (-46 + 4 - 2)?
45
Evaluate (-4 - -2) + (-10 - -100) + -26 + -5.
57
Calculate (4 + -3 + -9 + (-20 - -147) - -16) + 5.
140
What is the value of (-8 - -28 - (-27 + 2)) + 1?
46
What is (-5 - (-6 + (-9 - 2) - -11)) + -9 + -50?
-58
Evaluate (29 - 11) + -4 - 4 - (-22 - (-2 + 5)).
35
Evaluate 0 + -87 - (-86 - -15).
-16
What is 27 - (0 - -14) - 40 - 33?
-60
Calculate (-20 - 0) + -170 + 208 + -61.
-43
What is -4 + -4 + -8 - (-82 - -28)?
38